7
What is the remainder when 131863 is divided by 4042?
2519
What is the remainder when 56427 is divided by 343?
175
What is the remainder when 651084 is divided by 651058?
26
What is the remainder when 280740925 is divided by 140370462?
1
Calculate the remainder when 377319 is divided by 1104.
855
Calculate the remainder when 1728180 is divided by 6777.
45
Calculate the remainder when 187291 is divided by 96.
91
What is the remainder when 6371889 is divided by 25?
14
What is the remainder when 23935101 is divided by 5926?
5913
What is the remainder when 523565 is divided by 798?
77
Calculate the remainder when 265268 is divided by 24092.
256
What is the remainder when 55158781 is divided by 2109?
2104
Calculate the remainder when 4946186 is divided by 96.
74
What is the remainder when 5651971 is divided by 201?
52
Calculate the remainder when 55103954 is divided by 5.
4
What is the remainder when 150331723 is divided by 529337?
15
What is the remainder when 410822 is divided by 1727?
1523
What is the remainder when 437168 is divided by 2629?
754
What is the remainder when 6120410 is divided by 266104?
18
Calculate the remainder when 2541218 is divided by 737.
42
Calculate the remainder when 3699749 is divided by 21.
11
What is the remainder when 10212091 is divided by 4417?
4404
Calculate the remainder when 13790488 is divided by 582.
580
Calculate the remainder when 387958 is divided by 193956.
46
What is the remainder when 479616 is divided by 23980?
16
Calculate the remainder when 654 is divided by 174.
132
What is the remainder when 611853435 is divided by 88?
83
Calculate the remainder when 91121915 is divided by 79652.
27
Calculate the remainder when 22849497 is divided by 1566.
1557
Calculate the remainder when 2467407 is divided by 9072.
8895
What is the remainder when 28847686 is divided by 651?
574
What is the remainder when 10237001 is divided by 430?
421
Calculate the remainder when 1180887 is divided by 1828.
1827
Calculate the remainder when 389327 is divided by 29947.
16
Calculate the remainder when 12908034 is divided by 254.
8
Calculate the remainder when 2784615 is divided by 556916.
35
Calculate the remainder when 3395802 is divided by 1131912.
66
What is the remainder when 728973 is divided by 1901?
890
Calculate the remainder when 2626597 is divided by 2759.
29
Calculate the remainder when 1746597226 is divided by 1330.
1326
What is the remainder when 3568748 is divided by 8?
4
What is the remainder when 23206 is divided by 3856?
70
What is the remainder when 47987617 is divided by 1262832?
1
What is the remainder when 2445218 is divided by 407?
369
Calculate the remainder when 2902580 is divided by 3443.
131
What is the remainder when 26869554 is divided by 205?
204
Calculate the remainder when 3517 is divided by 1511.
495
Calculate the remainder when 617886 is divided by 205906.
168
Calculate the remainder when 16211 is divided by 3092.
751
What is the remainder when 61278591 is divided by 78?
75
What is the remainder when 658751 is divided by 32931?
131
What is the remainder when 2361908 is divided by 1257?
5
What is the remainder when 1782639 is divided by 3062?
555
What is the remainder when 189306 is divided by 408?
402
Calculate the remainder when 57189873 is divided by 10.
3
Calculate the remainder when 132571518 is divided by 46.
24
What is the remainder when 68960753 is divided by 2348?
2341
What is the remainder when 297545 is divided by 6193?
281
Calculate the remainder when 21935 is divided by 1722.
1271
What is the remainder when 1960 is divided by 1881?
79
What is the remainder when 453227 is divided by 811?
689
What is the remainder when 75047097 is divided by 1674?
3
Calculate the remainder when 23066287 is divided by 16.
15
Calculate the remainder when 2336243 is divided by 1990.
1973
Calculate the remainder when 31436933 is divided by 727.
726
What is the remainder when 620416 is divided by 399?
370
What is the remainder when 31486438 is divided by 19?
18
What is the remainder when 1157495 is divided by 43?
21
What is the remainder when 793423 is divided by 657?
424
Calculate the remainder when 219555 is divided by 468.
63
What is the remainder when 17494897 is divided by 40?
17
Calculate the remainder when 436554 is divided by 15004.
1438
Calculate the remainder when 30433435 is divided by 7608282.
307
Calculate the remainder when 3936369 is divided by 152.
25
What is the remainder when 3650778 is divided by 304231?
6
What is the remainder when 1595359 is divided by 124?
99
Calculate the remainder when 3675751426 is divided by 12.
10
What is the remainder when 11248 is divided by 1683?
1150
Calculate the remainder when 14326610 is divided by 17.
13
What is the remainder when 1653359 is divided by 631?
139
Calculate the remainder when 457631 is divided by 1183.
993
Calculate the remainder when 36326221 is divided by 1553.
1551
Calculate the remainder when 495271 is divided by 70149.
4228
What is the remainder when 558765 is divided by 3935?
3930
Calculate the remainder when 15600620 is divided by 3761.
3753
Calculate the remainder when 140065 is divided by 45091.
4792
Calculate the remainder when 103853530 is divided by 287.
284
Calculate the remainder when 9760935 is divided by 1084546.
21
Calculate the remainder when 6637768 is divided by 89.
59
Calculate the remainder when 35737314 is divided by 53.
50
Calculate the remainder when 1258304 is divided by 412.
56
What is the remainder when 3404782 is divided by 697?
634
What is the remainder when 25112202 is divided by 14?
10
What is the remainder when 199125765 is divided by 574?
573
Calculate the remainder when 407319 is divided by 83.
38
Calculate the remainder when 322937 is divided by 45.
17
Calculate the remainder when 44079155 is divided by 33.
32
Calculate the remainder when 15370729 is divided by 986.
961
What is the remainder when 158833 is divided by 446?
57
Calculate the remainder when 1537771 is divided by 8010.
7861
Calculate the remainder when 2441197 is divided by 43591.
101
What is the remainder when 529387 is divided by 317?
314
Calculate the remainder when 487651 is divided by 487607.
44
Calculate the remainder when 382026 is divided by 381877.
149
What is the remainder when 137902 is divided by 34459?
66
Calculate the remainder when 512082 is divided by 1741.
228
Calculate the remainder when 948448 is divided by 989.
986
Calculate the remainder when 142013029 is divided by 204925.
4
Calculate the remainder when 15677765 is divided by 216.
53
What is the remainder when 7585846 is divided by 167?
38
Calculate the remainder when 354260 is divided by 12860.
7040
What is the remainder when 2583016 is divided by 86097?
106
What is the remainder when 265287 is divided by 6312?
183
Calculate the remainder when 4066146 is divided by 2026.
1990
What is the remainder when 59343221 is divided by 1882?
1879
Calculate the remainder when 3075321 is divided by 586.
579
Calculate the remainder when 134567379 is divided by 2621.
2618
Calculate the remainder when 34349043 is divided by 371.
8
Calculate the remainder when 7038674 is divided by 6928.
6754
Calculate the remainder when 17836 is divided by 8566.
704
Calculate the remainder when 3846642 is divided by 961640.
82
Calculate the remainder when 85579 is divided by 251.
239
What is the remainder when 7448000 is divided by 1489588?
60
Calculate the remainder when 2434107 is divided by 202822.
243
Calculate the remainder when 56207563 is divided by 302191.
37
Calculate the remainder when 324962 is divided by 4062.
2
Calculate the remainder when 1103022 is divided by 1101766.
1256
What is the remainder when 178525 is divided by 178499?
26
Calculate the remainder when 1196107 is divided by 9.
7
Calculate the remainder when 523785 is divided by 15.
0
Calculate the remainder when 9914456 is divided by 42.
20
What is the remainder when 164417 is divided by 7717?
2360
Calculate the remainder when 64471740 is divided by 44928.
60
What is the remainder when 3437 is divided by 1356?
725
What is the remainder when 13818776 is divided by 575782?
8
What is the remainder when 18875638 is divided by 109742?
14
Calculate the remainder when 9537017 is divided by 59.
21
What is the remainder when 8618854 is div